{"id":59,"date":"2023-06-16T14:20:40","date_gmt":"2023-06-16T12:20:40","guid":{"rendered":"http:\/\/www.nutshellproject.fr\/?page_id=59"},"modified":"2023-06-16T17:21:36","modified_gmt":"2023-06-16T15:21:36","slug":"builds","status":"publish","type":"page","link":"https:\/\/www.nutshellproject.fr\/index.php\/builds\/","title":{"rendered":"Builds"},"content":{"rendered":"\n<h2 class=\"wp-block-heading\">Description de la m\u00e9canique de build<\/h2>\n\n\n\n<p class=\"has-black-color has-text-color\">Le joueur peut fabriquer les \u00e9l\u00e9ments suivants<br><br><strong>Armes<\/strong><br>On distingue 4 type d\u2019armes qui ont chacune leur propre gameplay (Fusil d&rsquo;assault, Katana, Drone de combat, Gants)<br>Une arme peut recevoir jusqu\u2019\u00e0 2 emplacements de comp\u00e9tences<br>Une arme peut recevoir jusqu\u2019\u00e0 5 emplacements d\u2019am\u00e9lioration (processeur)<br>Une arme dispose d\u2019attributs tels que les d\u00e9gats et les d\u00e9gats critiques<br><br><strong>Equipement de d\u00e9fense<br><\/strong>On distingue 3 types d\u2019\u00e9quipement de d\u00e9fense (Plastron, Pantalon, Bottes)<br>Un \u00e9quipement de d\u00e9fense peut recevoir jusqu\u2019\u00e0 1 emplacement de comp\u00e9tence<br>Un \u00e9quipement de d\u00e9fense peut recevoir jusqu\u2019\u00e0 5 emplacements d\u2019am\u00e9lioration (processeur)<br><br><strong>Comp\u00e9tences<\/strong><br>Les comp\u00e9tences doivent \u00eatre enchass\u00e9es dans un \u00e9quipement (arme ou d\u00e9fense)<br>Chaque comp\u00e9tence est compatible avec un type d\u2019arme ou un type de d\u00e9fense particulier<br>Les comp\u00e9tences consomment de l\u2019\u00e9nergie<br><br><strong>Processeur (am\u00e9lioration d\u2019\u00e9quipement) et Programme (am\u00e9lioration de comp\u00e9tence)<br><\/strong>Les processeurs sont des am\u00e9liorations d\u2019\u00e9quiment qui doivent \u00eatre enchass\u00e9s<br>Ces am\u00e9liorations pevent augmenter les statistiques de l\u2019\u00e9quipement ou les statistiques du joueur. Les programmes sont identiques aux processeurs mais permettent l\u2019am\u00e9lioration des comp\u00e9tences<br><br><strong>Consomables<\/strong><br>Soin, grenade&#8230; (en cours d\u2019\u00e9tude)<\/p>\n\n\n\n<div class=\"wp-block-group alignfull has-background\" style=\"background:linear-gradient(173deg,rgb(238,238,238) 0%,rgb(169,184,195) 100%)\"><div class=\"wp-block-group__inner-container is-layout-constrained wp-block-group-is-layout-constrained\">\n<figure class=\"wp-block-image size-large\"><img loading=\"lazy\" decoding=\"async\" width=\"1024\" height=\"642\" src=\"http:\/\/www.nutshellproject.fr\/wp-content\/uploads\/2023\/06\/Frame-1-1024x642.png\" alt=\"\" class=\"wp-image-112\" srcset=\"https:\/\/www.nutshellproject.fr\/wp-content\/uploads\/2023\/06\/Frame-1-1024x642.png 1024w, https:\/\/www.nutshellproject.fr\/wp-content\/uploads\/2023\/06\/Frame-1-300x188.png 300w, https:\/\/www.nutshellproject.fr\/wp-content\/uploads\/2023\/06\/Frame-1-768x482.png 768w, https:\/\/www.nutshellproject.fr\/wp-content\/uploads\/2023\/06\/Frame-1-600x376.png 600w, https:\/\/www.nutshellproject.fr\/wp-content\/uploads\/2023\/06\/Frame-1.png 1036w\" sizes=\"auto, (max-width: 1024px) 100vw, 1024px\" \/><\/figure>\n<\/div><\/div>\n","protected":false},"excerpt":{"rendered":"<p>Description de la m\u00e9canique de build Le joueur peut fabriquer les \u00e9l\u00e9ments suivants ArmesOn distingue 4 type d\u2019armes qui ont chacune leur propre gameplay (Fusil d&rsquo;assault, Katana, Drone de combat, Gants)Une arme peut recevoir jusqu\u2019\u00e0 2 emplacements de comp\u00e9tencesUne arme peut recevoir jusqu\u2019\u00e0 5 emplacements d\u2019am\u00e9lioration (processeur)Une arme dispose d\u2019attributs tels que les d\u00e9gats et &hellip; <\/p>\n<p class=\"link-more\"><a href=\"https:\/\/www.nutshellproject.fr\/index.php\/builds\/\" class=\"more-link\">Lire la suite de<span class=\"screen-reader-text\">\u00ab\u00a0Builds\u00a0\u00bb<\/span><\/a><\/p>\n","protected":false},"author":1,"featured_media":0,"parent":0,"menu_order":0,"comment_status":"closed","ping_status":"closed","template":"","meta":{"footnotes":""},"class_list":["post-59","page","type-page","status-publish","hentry"],"featured_media_urls":[],"_links":{"self":[{"href":"https:\/\/www.nutshellproject.fr\/index.php\/wp-json\/wp\/v2\/pages\/59","targetHints":{"allow":["GET"]}}],"collection":[{"href":"https:\/\/www.nutshellproject.fr\/index.php\/wp-json\/wp\/v2\/pages"}],"about":[{"href":"https:\/\/www.nutshellproject.fr\/index.php\/wp-json\/wp\/v2\/types\/page"}],"author":[{"embeddable":true,"href":"https:\/\/www.nutshellproject.fr\/index.php\/wp-json\/wp\/v2\/users\/1"}],"replies":[{"embeddable":true,"href":"https:\/\/www.nutshellproject.fr\/index.php\/wp-json\/wp\/v2\/comments?post=59"}],"version-history":[{"count":3,"href":"https:\/\/www.nutshellproject.fr\/index.php\/wp-json\/wp\/v2\/pages\/59\/revisions"}],"predecessor-version":[{"id":114,"href":"https:\/\/www.nutshellproject.fr\/index.php\/wp-json\/wp\/v2\/pages\/59\/revisions\/114"}],"wp:attachment":[{"href":"https:\/\/www.nutshellproject.fr\/index.php\/wp-json\/wp\/v2\/media?parent=59"}],"curies":[{"name":"wp","href":"https:\/\/api.w.org\/{rel}","templated":true}]}}